-5
Let u(a) = 9*a - 11. What is u(-1)?
-20
Let z(q) = -q - 1. Calculate z(-1).
0
Let n(w) = -16*w - 68. Determine n(-4).
-4
Let p(t) = -2*t - 11. What is p(-5)?
-1
Let p(y) = -y**3 + 10*y**2 + 4*y - 10. Calculate p(10).
30
Let n(k) = -46*k**2 - 1. Calculate n(-1).
-47
Let v(q) = 5*q + 21. Determine v(-5).
-4
Let v(n) = -n**2 - 8*n + 25. Determine v(4).
-23
Let l(o) = -o**3 - 5*o**2 + 8*o + 3. Give l(-6).
-9
Let d(m) = -m + 17. Determine d(12).
5
Let t(c) = -c**3 + 10*c**2 + 8. Determine t(10).
8
Let s(o) = 9*o**3 - o**2 - o. Calculate s(1).
7
Let t(v) = 2*v**3 + 8*v**2 - 3*v + 1. Determine t(-4).
13
Let s(m) = -2*m + 10. What is s(6)?
-2
Let o(v) = -75*v - 389. Calculate o(-5).
-14
Let f(x) = -3*x**2 + 5*x - 2. Determine f(-2).
-24
Let n(m) = -m**3 + 28*m**2 - m - 19. Determine n(28).
-47
Let f(c) = -7*c**3 - 3*c**2 - 3*c + 1. Give f(-1).
8
Let f(r) = -10*r**2 - 95*r. Determine f(-9).
45
Let k(d) = -d**3 - 27*d**2 + d + 29. Give k(-27).
2
Let b(a) = -8*a**2 + 10*a + 12. Calculate b(-1).
-6
Let u(l) = 4*l**2 - 3*l - 2. Give u(3).
25
Let i(j) = 6*j - 38. What is i(14)?
46
Let m(t) = -14*t + 5. Calculate m(1).
-9
Let w(v) = 6*v - 3. Determine w(5).
27
Let c(q) = q**3 + 4*q**2 - 9*q - 11. Calculate c(-5).
9
Let k(v) = v**2 + 38*v + 110. Determine k(-3).
5
Let h(y) = -10*y - 10. Give h(-6).
50
Let a(r) = -5*r + 8. What is a(-13)?
73
Let v(u) = -17*u + 98. What is v(6)?
-4
Let p(o) = -4*o + 1. Determine p(-5).
21
Let d(s) = -s**3 + 8*s**2 - 7*s. What is d(7)?
0
Let p(g) = 35*g**2 + 138*g + 4. Determine p(-4).
12
Let p(n) = n + 6. Determine p(10).
16
Let j(b) = -b**2 + 4. Give j(0).
4
Let d(j) = -j - 16. Calculate d(-9).
-7
Let p(s) = 2*s + 12. Determine p(-5).
2
Let o(u) = -2*u**3 + u**2 + 4*u - 3. Calculate o(2).
-7
Let o(b) = -3*b**2 - 33*b. What is o(-11)?
0
Let o(y) = y**3 - 5*y**2 + 3*y - 4. What is o(5)?
11
Let g(v) = -6*v**2 + 60*v + 14. Determine g(10).
14
Let q(j) = j**3 - 9*j**2 - 18*j - 47. Give q(11).
-3
Let s(f) = -2*f**3 - 13*f**2 + 8*f + 6. Calculate s(-7).
-1
Let d(o) = o**2 - 2*o - 6. Give d(4).
2
Let w(r) = -r**2 + 22*r - 80. What is w(17)?
5
Let s(l) = 12*l + 576. What is s(-46)?
24
Let j(s) = s**3 + 10*s**2 + 4. Determine j(-10).
4
Let v(o) = 17*o + 12. Determine v(-3).
-39
Let y(o) = o**3 + 15*o**2 - 105*o - 105. What is y(-20)?
-5
Let t(i) = -7*i - 18. Determine t(-6).
24
Let z(j) = -2*j**2 + 16*j + 12. Give z(8).
12
Let p(d) = -d**2 - 7*d - 8. Determine p(-6).
-2
Let p(x) = -20*x**2 + x + 1. Determine p(-1).
-20
Let u(s) = 3*s**2 - 10*s - 2. Calculate u(4).
6
Let k(p) = -p**2 - p + 1. Give k(3).
-11
Let i(t) = -t**3 + 14*t**2 + 15*t - 8. Determine i(15).
-8
Let l(k) = 2*k**3 + 15*k**2 + 6*k - 13. Give l(-7).
-6
Let d(t) = t**3 - 3*t**2 - 8*t - 6. What is d(5)?
4
Let u(g) = 7*g - 22. Give u(7).
27
Let x(y) = -4*y + 1. Calculate x(-3).
13
Let k(x) = 2*x**2 - 37*x + 18. What is k(18)?
0
Let o(c) = 8*c + 86. Give o(-10).
6
Let r(c) = -c**3 + 9*c**2 - 9*c - 1. What is r(8)?
-9
Let r(w) = 3*w + 31. Calculate r(-10).
1
Let l(u) = -u**2 + 23*u + 3. Determine l(21).
45
Let i(o) = -o**3 - 2*o**2 + 33*o + 7. Calculate i(5).
-3
Let n(z) = 7*z**2 - z + 1. Determine n(1).
7
Let c(h) = 3*h**3 + 15*h**2 + 12*h - 6. What is c(-4)?
-6
Let d(n) = n + 10. Determine d(6).
16
Let y(k) = k**3 - 7*k**2 + 5*k - 13. What is y(7)?
22
Let d(w) = -w**2 - 3*w - 10. What is d(8)?
-98
Let j(a) = 5*a**3 - a + 2. Calculate j(1).
6
Let r(w) = -w + 24. Calculate r(15).
9
Let p(l) = -l - 19. Calculate p(7).
-26
Let c(r) = -14*r + 42. Calculate c(3).
0
Let z(b) = b**2 - 46*b + 92. Determine z(44).
4
Let s(y) = 2*y - 14. Give s(4).
-6
Let w(k) = -k**3 - 13*k**2 - 22*k - 9. What is w(-11)?
-9
Let o(i) = -i**3 - 3*i**2 + 39*i - 8. Determine o(-8).
0
Let x(t) = -t**3 - 38*t**2 - 74*t - 87. Calculate x(-36).
-15
Let y(s) = -9*s**2 + 6*s - 1. Give y(4).
-121
Let q(s) = -2*s**2 - 21*s + 12. What is q(-12)?
-24
Let m(g) = -g**2 + 17*g - 21. What is m(16)?
-5
Let g(c) = c**2 - 9*c - 10. Calculate g(10).
0
Let v(r) = -10*r**2 + 3*r + 2. Determine v(3).
-79
Let w(d) = 12*d - 1. Calculate w(2).
23
Let d(a) = 21*a + 120. Give d(-5).
15
Let c(p) = p**3 - 53*p**2 - 228*p + 4. Calculate c(57).
4
Let n(j) = j**3 + 53*j**2 + 7*j + 386. Determine n(-53).
15
Let l(c) = -c**3 + 21*c**2 - 37*c - 15. Give l(19).
4
Let f(q) = q**2 - 17*q + 63. Give f(12).
3
Let k(o) = -23*o**2 - o. Give k(1).
-24
Let g(n) = n**3 + 7*n**2 + 8. Calculate g(-7).
8
Let f(g) = -g**2 + 2*g + 28. Determine f(-5).
-7
Let r(v) = v**2. What is r(-1)?
1
Let o(t) = t**3 - 22*t**2 + 24*t - 6. Calculate o(21).
57
Let k(z) = -19*z + 2. Give k(-6).
116
Let s(l) = 3*l**2 - l + 5. Give s(2).
15
Let l(o) = -o**2 + 9*o - 1. Determine l(8).
7
Let d(s) = -2*s**3 + 4*s**2 + s - 2. Calculate d(4).
-62
Let l(x) = -36*x + 618. Calculate l(17).
6
Let h(j) = -6*j**2 - 20*j - 1. Determine h(-4).
-17
Let q(y) = y**3 - 13*y**2 - 17*y + 53. Calculate q(14).
11
Let k(i) = 8*i**2 + i - 11. Give k(0).
-11
Let i(z) = -z**3 - 4*z**2 + 3. Determine i(-3).
-6
Let t(c) = c + 3. Determine t(-2).
1
Let b(a) = -a**2 + 4*a + 4. Give b(4).
4
Let x(q) = -2*q + 32. What is x(0)?
32
Let i(k) = 11*k**3 + 4*k**2 - 8*k + 6. Calculate i(2).
94
Let i(x) = -15*x**2 - 314*x + 23. Determine i(-21).
2
Let r(t) = -3*t - 5. What is r(-10)?
25
Let b(j) = -j**3 + 7*j**2 - 10*j + 4. What is b(2)?
4
Let s(g) = -g**2 + 9*g + 32. Give s(13).
-20
Let c(h) = 4*h + 30. Determine c(-5).
10
Let b(z) = -z**3 + 4*z**2 + 3*z + 5. Give b(4).
17
Let b(w) = -15*w**3 + w**2 - 1. Calculate b(-1).
15
Let m(z) = z**3 + 8*z**2 - 5*z - 24. Determine m(-9).
-60
Let m(a) = -a**3 + 7*a**2 - a + 44. Give m(9).
-127
Let t(y) = -y**3 - 9*y**2 - y - 6. Calculate t(-9).
3
Let s(u) = -u**2 + 77*u + 160. Give s(-2).
2
Let d(j) = -j**3 - 13*j**2 - j + 2. Determine d(-13).
15
Let r(v) = 5*v - 9. Calculate r(-9).
-54
Let g(c) = -c**3 + 11*c**2 - 26*c - 15. Determine g(6).
9
Let z(p) = p**2 + 15*p + 63. Determine z(-9).
9
Let c(t) = -63*t + 313. Calculate c(5).
-2
Let s(n) = -n**2 + 3*n + 30. Calculate s(-4).
2
Let r(j) = 10*j + 32. Give r(-3).
2
Let u(l) = 6*l + 78. Determine u(-20).
-42
Let d(i) = -8*i**2 - i - 6. Calculate d(2).
-40
Let a(c) = 7*c**2 + 57*c + 9. What is a(-8)?
1
Let d(p) = p**2 + 10*p - 10. Give d(-11).
1
Let g(u) = u**3 - 10*u**2 + 16*u + 41. Give g(7).
6
Let l(i) = i**3 - 13*i**2 + 13*i - 7. Calculate l(12).
5
Let s(i) = 6*i**2 + 43*i + 1. What is s(-7)?
-6
Let g(u) = 10*u**2 - 8*u + 5. Give g(5).
215
Let m(a) = a**3 + 8*a**2 - 13*a + 14. Calculate m(-10).
-56
Let n(o) = -2*o**2 + 2*o + 2. Calculate n(3).
-10
Let o(w) = -w**3 - 20*w**2 - 97*w - 2. Determine o(-12).
10
Let d(w) = w**2 + 25*w + 71. What is d(-22)?
5
Let d(f) = -f**2 - 21*f - 77. What is d(-18)?
-23
Let w(p) = p**3 + 10*p**2 + p - 15. Give w(-10).
-25
Let d(p) = -2*p**2 - 3*p - 22. Give d(-5).
-57
Let n(z) = z**2 - 5*z - 13. Calculate n(10).
37
Let b(t) = -t**3 - 10*t**2 - 19*t - 42. What is b(-9)?
48
Let y(z) = -z**3 + 28*z**2 + 31*z - 51. Give y(29).
7
Let v(i) = -i**2 + i + 21. Determine v(6).
-9
Let t(l) = -l**2 - 15*l - 9. Calculate t(-14).
5
Let p(v) = -28*v**3 + 1. Give p(1).
-27
Let q(d) = -d**3 - 9*d**2 - 8*d + 1. Determine q(-6).
-59
Let r(x) = -x**2 - x - 2. What is r(2)?
-8
Let k(a) = 2*a**2 - 9*a - 3. Give k(4).
-7
Let c(u) = -5*u - 6. What is c(3)?
-21
Let x(y) = y**3 - 6*y**2 + 4*y + 5. Give x(3).
-10
Let u(n) = -n**2 - 3*n + 1. Give u(-3).
1
Let o(k) = 4*k**2 - 2*k + 5. Determine o(-4).
77
Let u(o) = o**3 - 5*o**2 + 4*o - 5. What is u(3)?
-11
Let q(j) = -j**3 + 4*j**2 + 2*j - 1. What is q(-2)?
19
Let u(g) = g + 5. Give u(0).
5
Let k(v) = -3*v**2 - 28*v - 53. Give k(-3).
4
Let k(o) = 5*o + 35. What is k(-8)?
-5
Let c(n) = n**2 + 32*n + 108. Give c(-28).
-4
Let j(t) = t**3 - 2*t**2 - t + 2. What is j(4)?
30
Let s(t) = t**2 - 7*t + 1. Calculate s(7).
1
Let k(l) = -l**2 + 18*l - 14. Calculate k(15).
31
Let s(p) = p**3 + 7*p**2 - 4*p + 10. Calculate s(-8).
-22
Let h(s) = s - 19. Give h(1).
-18
Let c(p) = p**3 + 7*p**2 + 2*p + 8. Calculate c(-7).
-6
Let r(p) = -p**3 + 11*p**2 + 2*p - 21. Determine r(11).
1
Let l(r) = -81*r**2 + r. Calculate l(1).
-80
Let w(n) = -2*n + 8. Calculate w(-6).
20
Let h(f) = f**3 + 3*f**2 - f. Calculate h(2).
18
Let w(q) = -q**3 + 8*q**2 + 10*q + 2. Calculate w(9).
11
Let